{"id":82,"date":"2025-02-10T10:12:35","date_gmt":"2025-02-10T09:12:35","guid":{"rendered":"https:\/\/utopiefensterbank.de\/?page_id=82"},"modified":"2025-02-10T11:16:18","modified_gmt":"2025-02-10T10:16:18","slug":"sozial-und-oekologisch-utopie-fensterbank","status":"publish","type":"page","link":"https:\/\/utopiefensterbank.de\/","title":{"rendered":"Sozial und \u00f6kologisch: Utopie Fensterbank"},"content":{"rendered":"\n<h4 class=\"wp-block-heading\">Entweder Aldi und Plastik\u00fcten oder K\u00f6rner und Lastenrad? Wir wissen, \u00f6kologisch geht sozial und ein solidarischer Anspruch an gemeinsames Wohnen ist ein Teil von Nachhaltigkeit!<\/h4>\n\n\n\n<p>Quartiersleben bedeutet f\u00fcr uns, mit denjenigen, die in einem Quartier sind, die sich dort einbringen und orientieren Alltag nachhaltig zu gestalten. Wohnraum ist die Basis, um Teilhabe und Gesundheit zu erm\u00f6glichen. \u00d6kologische Grundstoffe sollten nicht zu Teuerungen uns Ausschl\u00fcssen f\u00fchren, darum bauen wir f\u00fcr Menschen aus Wilhelmsburg mit \u00f6kologischen Baustoffen und Energienutzung zu sozialen Mieten mit den entsprechenden F\u00f6rderungen.<\/p>\n\n\n\n<p>Menschen aus der Gruppe der Roma k\u00e4mpfen seit Jahrzehnten f\u00fcr sicheren Wohnraum u.a. in Wilhelmsburg, Menschen der Gruppe Lampedusa in Hamburg fordern seit \u00fcber 10 Jahren eine Perspektive in Hamburg und Wilhelmsburg. Wilhelmsburg Solidarisch ist seit mehr als 10 Jahren organisiert mit dem Ziel, Menschen in Wilhelmsburg Alltagsperspektiven zu erm\u00f6glichen, Wohnraum ist eins der Puzzleteile. Das besonders f\u00fcr Frauen und Frauen mit Kindern Wohnen im Lager kein nachhaltiges Wohnen ist, wei\u00df die Gruppe NiNa Woman in Action. Aus diesen Kooperationen setzt sich die Mieterschaft von Utopie Fensterbank zusammen. Gemeinsame Organisation von Lebensmitteln und Mahlzeiten sowie Absprachen f\u00fcr anfallende T\u00e4tigkeiten sind ein Baustein eines sozial-\u00f6kologischen Alltags. Die Likedeelerei wird hierbei eine planerische und unterst\u00fctzende Rolle spielen.<\/p>\n\n\n\n<p>Ein komplexerer Part, den das Projekt dabei umsetzt, ist eine \u00f6kologische und bezahlbare energetische Versorgung sowie die Auswahl der Baumaterialien.<\/p>\n\n\n\n<p>Pers\u00f6nliche Kontakte mit anderen Baugemeinschaften stellen eine wichtige sozialr\u00e4umliche Ressource u.a. bei der Kinderbetreuung dar. Ein Gemeinschaftsb\u00fcro bildet den Grundstein, b\u00fcrokratische Herausforderungen nicht allein bewerkstelligen zu m\u00fcssen. Unterschiedliche Familiengr\u00f6\u00dfen erm\u00f6glichen den Kindern im Haus inklusive Sozialkontakte, Mehrsprachigkeit als Normalit\u00e4t zu erleben bildet sowohl p\u00e4dagogischer als auch politisch eine soziologische Realit\u00e4t des Quartiers ab. Der Fahrstuhl erm\u00f6glicht eine Erreichbarkeit aller Etagen, Barrierearmut wird in einzelnen sowie in den Gemeinschaftsr\u00e4umen angestrebt. Um sozialen Ausschl\u00fcssen entgegenzuwirken wird mit der KfW F\u00f6rderung f\u00fcr die \u00dcbernahme von Genossenschaftsanteilen geplant. Alle Bewohner:innen entsprechen den Kriterien f\u00fcr Sozialwohnungsf\u00f6rderungen, der Anteil derjenigen, die einen Anspruch auf WA Belegung haben, muss im Prozess mit migrations- und sozialpolitischen Entwicklungen betrachtet werden, mindestens 50 % WA Wohnfl\u00e4che ist vorgesehen, wir hoffen, dass der Anteil letztlich noch h\u00f6her liegen kann.<\/p>\n\n\n\n<p>Eine Kooperation mit &#8222;Frei funk Hamburg&#8220; sorgt f\u00fcr niedrigschwelligen Zugang zu einer unabh\u00e4ngigen Internetversorgung.<\/p>\n\n\n\n<p>F\u00fcr genauere Umsetzungen und Informationen sind noch weitere Seiten in Arbeit!<\/p>\n","protected":false},"excerpt":{"rendered":"<p>Entweder Aldi und Plastik\u00fcten oder K\u00f6rner und Lastenrad? Wir wissen, \u00f6kologisch geht sozial und ein solidarischer Anspruch an gemeinsames Wohnen [&hellip;]<\/p>\n","protected":false},"author":1,"featured_media":0,"parent":0,"menu_order":0,"comment_status":"closed","ping_status":"closed","template":"","meta":{"site-sidebar-layout":"default","site-content-layout":"","ast-site-content-layout":"","site-content-style":"default","site-sidebar-style":"default","ast-global-header-display":"","ast-banner-title-visibility":"","ast-main-header-display":"","ast-hfb-above-header-display":"","ast-hfb-below-header-display":"","ast-hfb-mobile-header-display":"","site-post-title":"","ast-breadcrumbs-content":"","ast-featured-img":"","footer-sml-layout":"","theme-transparent-header-meta":"","adv-header-id-meta":"","stick-header-meta":"","header-above-stick-meta":"","header-main-stick-meta":"","header-below-stick-meta":"","astra-migrate-meta-layouts":"default","ast-page-background-enabled":"default","ast-page-background-meta":{"desktop":{"background-color":"var(--ast-global-color-5)","background-image":"","background-repeat":"repeat","background-position":"center center","background-size":"auto","background-attachment":"scroll","background-type":"","background-media":"","overlay-type":"","overlay-color":"","overlay-opacity":"","overlay-gradient":""},"tablet":{"background-color":"","background-image":"","background-repeat":"repeat","background-position":"center center","background-size":"auto","background-attachment":"scroll","background-type":"","background-media":"","overlay-type":"","overlay-color":"","overlay-opacity":"","overlay-gradient":""},"mobile":{"background-color":"","background-image":"","background-repeat":"repeat","background-position":"center center","background-size":"auto","background-attachment":"scroll","background-type":"","background-media":"","overlay-type":"","overlay-color":"","overlay-opacity":"","overlay-gradient":""}},"ast-content-background-meta":{"desktop":{"background-color":"var(--ast-global-color-4)","background-image":"","background-repeat":"repeat","background-position":"center center","background-size":"auto","background-attachment":"scroll","background-type":"","background-media":"","overlay-type":"","overlay-color":"","overlay-opacity":"","overlay-gradient":""},"tablet":{"background-color":"var(--ast-global-color-4)","background-image":"","background-repeat":"repeat","background-position":"center center","background-size":"auto","background-attachment":"scroll","background-type":"","background-media":"","overlay-type":"","overlay-color":"","overlay-opacity":"","overlay-gradient":""},"mobile":{"background-color":"var(--ast-global-color-4)","background-image":"","background-repeat":"repeat","background-position":"center center","background-size":"auto","background-attachment":"scroll","background-type":"","background-media":"","overlay-type":"","overlay-color":"","overlay-opacity":"","overlay-gradient":""}},"footnotes":""},"class_list":["post-82","page","type-page","status-publish","hentry"],"_links":{"self":[{"href":"https:\/\/utopiefensterbank.de\/index.php?rest_route=\/wp\/v2\/pages\/82","targetHints":{"allow":["GET"]}}],"collection":[{"href":"https:\/\/utopiefensterbank.de\/index.php?rest_route=\/wp\/v2\/pages"}],"about":[{"href":"https:\/\/utopiefensterbank.de\/index.php?rest_route=\/wp\/v2\/types\/page"}],"author":[{"embeddable":true,"href":"https:\/\/utopiefensterbank.de\/index.php?rest_route=\/wp\/v2\/users\/1"}],"replies":[{"embeddable":true,"href":"https:\/\/utopiefensterbank.de\/index.php?rest_route=%2Fwp%2Fv2%2Fcomments&post=82"}],"version-history":[{"count":3,"href":"https:\/\/utopiefensterbank.de\/index.php?rest_route=\/wp\/v2\/pages\/82\/revisions"}],"predecessor-version":[{"id":93,"href":"https:\/\/utopiefensterbank.de\/index.php?rest_route=\/wp\/v2\/pages\/82\/revisions\/93"}],"wp:attachment":[{"href":"https:\/\/utopiefensterbank.de\/index.php?rest_route=%2Fwp%2Fv2%2Fmedia&parent=82"}],"curies":[{"name":"wp","href":"https:\/\/api.w.org\/{rel}","templated":true}]}}